367 prime?
False
Is 443363 prime?
True
Is 23938 a composite number?
True
Is 40879 prime?
True
Is 41773 a prime number?
False
Is 21985 composite?
True
Is 13621 a composite number?
True
Is 2333 a composite number?
False
Is 24391 prime?
True
Is 343787 a prime number?
True
Is 5305 composite?
True
Is 225931 a prime number?
True
Is 71507 composite?
True
Is 77755 a composite number?
True
Is 799061 prime?
True
Is 3989 prime?
True
Is 47869 a prime number?
True
Is 7045 a prime number?
False
Is 291767 a composite number?
True
Is 5411 prime?
False
Is 99511 a composite number?
True
Is 64243 a composite number?
True
Is 187315 prime?
False
Is 4861 a composite number?
False
Is 11846 composite?
True
Is 1823 prime?
True
Is 919 a prime number?
True
Is 10667 composite?
False
Is 99707 a composite number?
False
Is 33911 a composite number?
False
Is 2407 a prime number?
False
Is 9197 composite?
True
Is 11983 a composite number?
True
Is 7031 a prime number?
False
Is 104207 prime?
True
Is 621371 a prime number?
True
Is 474055 composite?
True
Is 45383 prime?
False
Is 587 a prime number?
True
Is 44351 a composite number?
False
Is 1253 prime?
False
Is 27827 prime?
True
Is 1843431 a composite number?
True
Is 4421 prime?
True
Is 532217 prime?
False
Is 523723 composite?
True
Is 281621 a prime number?
True
Is 640787 prime?
False
Is 11269 a prime number?
False
Is 39341 a composite number?
False
Is 152357 a composite number?
True
Is 247647 composite?
True
Is 13603 prime?
False
Is 481417 a prime number?
True
Is 1055419 composite?
True
Is 296909 a prime number?
True
Is 40217 a prime number?
False
Is 70373 prime?
True
Is 853181 composite?
True
Is 1572814 a composite number?
True
Is 127649 composite?
False
Is 6847 a composite number?
True
Is 18319 a composite number?
True
Is 63253 prime?
False
Is 37673 a composite number?
True
Is 289331 a composite number?
True
Is 499 prime?
True
Is 865433 composite?
True
Is 41401 composite?
True
Is 725099 prime?
True
Is 132631 composite?
False
Is 356461 a prime number?
False
Is 49853 a prime number?
True
Is 401771 composite?
False
Is 4783 composite?
False
Is 98507 prime?
True
Is 1214749 a prime number?
True
Is 265 a prime number?
False
Is 90929 prime?
False
Is 1087 prime?
True
Is 9793 a composite number?
True
Is 753527 a prime number?
True
Is 177 a prime number?
False
Is 5471 a composite number?
False
Is 30737 prime?
False
Is 1654063 composite?
True
Is 80474 prime?
False
Is 1557469 a composite number?
False
Is 81331 a prime number?
True
Is 8707 prime?
True
Is 340073 prime?
True
Is 1343 a composite number?
True
Is 1163 a composite number?
False
Is 2429057 a prime number?
True
Is 24151 a prime number?
True
Is 2429 prime?
False
Is 62243 prime?
False
Is 411406 a composite number?
True
Is 2521 composite?
False
Is 626861 prime?
True
Is 941903 a prime number?
True
Is 9547 composite?
False
Is 18833 a prime number?
False
Is 993 a composite number?
True
Is 475567 a prime number?
False
Is 205522 a prime number?
False
Is 473753 prime?
False
Is 825787 a composite number?
True
Is 407347 prime?
True
Is 26126 composite?
True
Is 15037 a composite number?
True
Is 5227 composite?
False
Is 5498165 composite?
True
Is 32329 composite?
True
Is 16519 a composite number?
False
Is 759199 a composite number?
True
Is 7318 composite?
True
Is 39279 prime?
False
Is 7121 prime?
True
Is 115099 composite?
False
Is 34609 a prime number?
False
Is 31699 a prime number?
True
Is 2931 prime?
False
Is 43234 a composite number?
True
Is 29477 composite?
True
Is 7701223 composite?
False
Is 8521 a composite number?
False
Is 583 a prime number?
False
Is 7563 prime?
False
Is 118343 a prime number?
True
Is 3127 prime?
False
Is 1749529 composite?
False
Is 1070713 prime?
False
Is 31238 a prime number?
False
Is 26177 composite?
False
Is 3589 composite?
True
Is 54829 a composite number?
False
Is 25157 a composite number?
True
Is 23869 composite?
False
Is 28837 a composite number?
False
Is 23783 prime?
False
Is 163543 a composite number?
False
Is 121267 a composite number?
False
Is 381829 prime?
False
Is 33211 prime?
True
Is 61547 a composite number?
False
Is 152223 a prime number?
False
Is 43117 composite?
False
Is 77429 prime?
False
Is 9967 composite?
False
Is 19939 a composite number?
True
Is 233813 prime?
False
Is 199031 prime?
False
Is 127217 a composite number?
False
Is 3863 prime?
True
Is 92913 prime?
False
Is 275071 a prime number?
False
Is 121039 a composite number?
False
Is 16291 a prime number?
False
Is 26147 a prime number?
False
Is 320813 composite?
True
Is 57619 a composite number?
True
Is 3433 composite?
False
Is 195587 composite?
True
Is 50999 a composite number?
True
Is 105817 composite?
False
Is 2194943 a prime number?
False
Is 88285 prime?
False
Is 62171 a composite number?
False
Is 34793 composite?
True
Is 247301 a prime number?
True
Is 825967 a prime number?
False
Is 4215031 a composite number?
True
Is 650207 a prime number?
False
Is 108343 prime?
True
Is 361 a composite number?
True
Is 104459 a prime number?
True
Is 284957 a prime number?
True
Is 2927 a composite number?
False
Is 3093095 composite?
True
Is 119383 a prime number?
False
Is 1741 prime?
True
Is 171863 composite?
False
Is 13811 a composite number?
True
Is 57701 composite?
True
Is 33833 a prime number?
False
Is 2819 composite?
False
Is 46967 a prime number?
False
Is 865 a prime number?
False
Is 8657 composite?
True
Is 3041 a composite number?
False
Is 516643 composite?
False
Is 3163 prime?
True
Is 334877 a prime number?
True
Is 62663 a composite number?
True
Is 19841 a composite number?
False
Is 1322653 prime?
False
Is 67657 prime?
False
Is 204299 prime?
True
Is 16601 a composite number?
True
Is 274579 a composite number?
False
Is 84863 prime?
False
Is 583631 composite?
False
Is 94201 prime?
True
Is 1361 a composite number?
False
Is 2019 composite?
True
Is 195863 prime?
True
Is 5879 prime?
True
Is 4391 a composite number?
False
Is 22613 a composite number?
False
Is 4848643 a composite number?
False
Is 91673 prime?
True
Is 1831 prime?
True
Is 547007 a composite number?
False
Is 8263 composite?
False
Is 10221 a composite number?
True
Is 3039 composite?
True
Is 13147 a prime number?
True
Is 351763 a prime number?
True
Is 92915 a prime number?
False
Is 29113 composite?
True
Is 2199854 prime?
False
Is 624721 prime?
True
Is 18431 a composite number?
True
Is 5209 a composite number?
False
Is 308501 a prime number?
True
Is 23717 a prime number?
False
Is 41671 composite?
True
Is 15395 a prime number?
False
Is 207619 composite?
False
Is 67517 prime?
False
Is 5557 a prime number?
True
Is 75847 a composite number?
True
Is 982 a composite number?
True
Is 315179 prime?
True
Is 10529 a prime number?
True
Is 312311 a composite number?
False
Is 50659 composite?
True
Is 201319 prime?
False
Is 91279 a prime number?
False
Is 237331 prime?
True
Is 58451 a composite number?
False
Is 1081 a composite number?
True
Is 127739 a prime number?
True
Is 57179 composite?
False
Is 984539 a prime number?
True
Is 1319371 a composite number?
False
Is 611693 prime?
True
Is 1280537 a composite number?
False
Is 1383653 a prime number?
True
Is 893953 a prime number?
False
Is 15397 composite?
True
Is 1119 composite?
True
Is 272627 a composite number?
True
Is 501335 composite?
True
Is 25111 composite?
False
Is 24371 a prime number?
True
Is 1533229 a composite number?
True
Is 2819 composite?
False
Is 2721089 prime?
False
Is 44171 prime?
True
Is 1125259 a prime number?
True
Is 39502 prime?
False
Is 61543 a composite number?
False
Is 412169 composite?
True
Is 105207 composite?
True
Is 360463 a composite number?
True
Is 15117 composite?
True
Is 439 composite?
False
Is 1097 composite?
False
Is 130673 a composite number?
True
Is 24233 composite?
True
Is 420607 prime?
False
Is 12197 composite?
False
Is 1157 prime?
False
Is 854285 prime?
False
Is 22531 a composite number?
False
Is 2533 a prime number?
False
Is 120403 a composite number?
True
Is 473251 a prime number?
False
Is 3953 a composite number?
True
Is 645419 a prime number?
True
Is 50831 a prime number?
False
Is 676097 composite?
True
Is 205601 composite?
True
Is 1207903 prime?
True
Is 21089 a prime number?
True
Is 5447 composite?
True
Is 21269 composite?
False
Is 548159 composite?
True
Is 8209 composi